4*w(b). Suppose 0*n = n. What is the units digit of j(n)?
7
Suppose 2*d + 2 = -2*x, -5*x + d + 11 = 2*d. What is the units digit of x?
3
Let b(r) = 8*r**2 + 9*r - 4. What is the hundreds digit of b(-5)?
1
Let r = 13 + -24. Let k = 0 - r. What is the units digit of k?
1
Let k be (-9)/(-3 - -6) - -3. Suppose -6 = -k*q - q. What is the units digit of q?
6
Suppose -2 = -2*x + 10. Let a be (-1*x/(-3))/1. Suppose 0 = 5*h + a*s - 18, -s - 4 = -4*h - 0*s. What is the units digit of h?
2
Let a be 2/5 - 72/(-20). Let r(z) = 3*z - 1 + 1. What is the tens digit of r(a)?
1
Suppose 3*j = 35 + 418. What is the tens digit of j?
5
Let b(y) = -15*y - 3. What is the units digit of b(-2)?
7
Suppose -39 + 14 = 2*j + 5*g, g = 3*j - 5. Suppose j*z - 3*c - 53 = -z, 145 = 3*z + 5*c. What is the units digit of z?
0
Let u = -9 + 17. What is the units digit of u?
8
Let n be 6/24 - (-7)/4. Let i be 1 - (-49)/2*n. Suppose 8*k - 3*k = i. What is the units digit of k?
0
Suppose -2*r - 3*j + 11 = 0, -2*r + 1 = 2*r - j. Let o(x) = 8*x**3 + x. Let y be o(r). What is the units digit of (-40)/(-15)*y/4?
6
Let a(n) = -11*n + 15. What is the tens digit of a(-7)?
9
Let u(o) = -o**2 + 21*o - 2. What is the tens digit of u(17)?
6
Let k be (12 + -11)/(1/(-22)). Let w = -15 - k. What is the units digit of w?
7
What is the tens digit of 1840/12 - 6/(-9)?
5
Let v = -4 - -6. Suppose v*s - s - 14 = 0. What is the units digit of s?
4
Let o be 1 - (0 - (0 + 1)). Suppose k + 4 = o*k + x, -k = -2*x - 1. What is the units digit of 2/k - (-39)/9?
5
Let o(v) = -v**2 + 6*v + 1. Let g be o(5). Let s(q) = q**2 - 2*q - 7. What is the units digit of s(g)?
7
Let z be 9/(-6) + (-1)/(-2). Let j = -1 - z. Suppose -3*k + 8*k - 25 = j. What is the units digit of k?
5
Let v be 5 + (-2 - (4 - 3)). Let q be ((-1)/(-2))/(2/120). Suppose -y - v*y = -q. What is the units digit of y?
0
Let p be ((-106)/(-3))/((-8)/108). Let d be p/(-12) - 1/(-4). Suppose o + o - 5*j = 37, -2*j - d = -5*o. What is the units digit of o?
6
Let q be 4/(-6) + 76/6. Suppose 2*c + 2*m = q, 3*c + 0*m + m = 24. What is the units digit of c?
9
Suppose 6*j = 10*j + 280. Let h = 130 + j. What is the tens digit of h?
6
Let w(j) = -j**3 - 4*j**2 + 5. Let z be w(-4). Suppose z*s - 57 - 48 = 0. Suppose -3*d + 15 + s = 0. What is the tens digit of d?
1
Suppose -4*z + 3*b + 9 = -1, -2*b + 1 = 5*z. Suppose z + 4 = w. Suppose 2*o + 40 = -w*t + 126, -4*o = 8. What is the units digit of t?
8
Let f(k) = -12*k + 20. What is the tens digit of f(-11)?
5
Suppose -287 - 253 = -5*q. What is the hundreds digit of q?
1
Suppose -6 = -b - 1. Suppose -p + 7 + 12 = 3*z, b*p - 11 = -z. Let n = z + -3. What is the units digit of n?
3
Suppose 3*k = 9*k - 756. What is the tens digit of k?
2
Suppose 3*b - 6 = 0, 0*l - l - 2*b + 20 = 0. What is the units digit of l?
6
Suppose -2*l - 4*h + 26 = 0, -4*h + 23 = -l + 2*l. Suppose 8*r + 5 = l*r. What is the units digit of r/(-6)*8*3?
4
Suppose 1 = -2*l - 3. Let w be (-111)/12 + (-1)/(-4). Let h = l - w. What is the units digit of h?
7
Let x(f) = 2*f + 8. Let l be x(-6). Let j(n) = -2*n + 3. Let d be j(-4). Let b = d + l. What is the units digit of b?
7
Suppose -i + 0*i = -3*p - 6, -3*i = -p - 10. Suppose i*d + 3*h - 57 = -0*h, 4*h = -3*d + 57. What is the tens digit of d?
1
Let y = 88 + 87. What is the tens digit of y?
7
Let i = -10 + 17. What is the units digit of i?
7
What is the tens digit of (-1*(-2)/(-2))/((-13)/1014)?
7
Let f(d) be the first derivative of -d**3/3 + 5*d**2/2 + 4*d - 3. Suppose 4 = 2*x - 6. What is the units digit of f(x)?
4
Let g = 62 + -40. What is the tens digit of g?
2
Suppose 2*i - 1 - 5 = 0. Suppose 0 = -2*y + 4*y + v - 24, -2*y - i*v = -16. What is the units digit of y?
4
Let n(c) = 2*c**2 + 3*c - 2. Let i be n(2). Suppose 4*q = 2*k + i, 0*k = 5*q + 5*k. Suppose -q*y + 7*y - 20 = 0. What is the units digit of y?
4
Let u(f) = f. Let q be u(3). What is the units digit of 5 - 5 - (-147)/q?
9
Suppose 2*b + 3*c - 6*c = 43, -4 = -4*c. Suppose -4*r - 9 = b. Let p(u) = -u. What is the units digit of p(r)?
8
Suppose 0*t + 10 = 5*t. Let r be (t - 2) + (-4)/(-2). Suppose -2*m + 19 = n, m - r + 6 = 4*n. What is the units digit of m?
8
Let c(d) = -d - 4. Let y be c(-6). Suppose -4*g + 8 = y*v, g + 1 = -5*v - 6. What is the units digit of g?
3
Let a(o) = -18*o - 1. Let i be a(-4). Let g = i + -21. Suppose b + 51 = 3*z - 3*b, 5*b - g = -5*z. What is the tens digit of z?
1
Let k be (-4 + 1)/(3/(-5)). Suppose -k*y - 130 = 260. What is the units digit of y/(-9) - 1/(-3)?
9
Suppose 5*y = c - 0*y - 33, -4*c = -y - 94. What is the tens digit of c?
2
Let d(p) = p + 26. What is the units digit of d(0)?
6
Suppose 4*c - 17 - 87 = 0. What is the units digit of c?
6
Suppose 4*u = u - 6. Let t(r) = 3*r**2 + 2*r - 1. What is the units digit of t(u)?
7
Let f = -129 - -228. Suppose 5*c + 155 = 5*g, f = 5*g - g + c. Suppose 4*l - g = 6. What is the units digit of l?
8
Suppose 2*a = -3*a - 4*t + 2, 4*a + t = 6. Suppose -3*q = -0*q - 39. Suppose -3*g + 4*z = -q, a*g + 2*z + 2 = 34. What is the tens digit of g?
1
Let p be (-3)/2*(-6)/(-9). Let s(l) = 5*l**2 + l**2 + l + 4*l**2. What is the units digit of s(p)?
9
Let s = 0 - -2. Suppose -2*v + 4*k = 0, -5*v + s = 3*k - 11. What is the units digit of v?
2
Let g(d) = 3*d. Let t(x) = x - 3. Let u be t(4). What is the units digit of g(u)?
3
Let v(g) be the second derivative of g**7/1260 - g**6/240 - g**5/120 - g**4/6 - 2*g. Let f(t) be the third derivative of v(t). What is the tens digit of f(-2)?
1
Let o(j) = -8*j. Let t = -1 + -3. Let q be o(t). Suppose -4*n - 88 = -4*w - 0*w, -w = -3*n - q. What is the tens digit of w?
1
Let i be (-76)/16 - 2/8. What is the units digit of (-8)/(-20) - 73/i?
5
Let o(l) be the first derivative of -l**3/3 - 3*l**2 + 4*l + 1. Let u be o(-7). Let t = -2 - u. What is the units digit of t?
1
Suppose -17 = 3*u - 32. What is the units digit of u?
5
Suppose 0*r + 2 = 2*r. Let x be 0 + -1 - (-1 - r). What is the units digit of x/(2/4 + 0)?
2
Suppose -11 = -5*f + y + y, y = 2. Suppose -x = -3, -2*i + 2*x = -f*x - 1. What is the units digit of i?
8
Suppose 2*t - 2*f - 118 = 0, -4*t + 2*f + 227 = 7*f. What is the units digit of t?
8
Let d = 17 + -11. What is the units digit of d?
6
Suppose -3*d + 5*t + 35 - 4 = 0, 4*t - 50 = -2*d. Let b be 3*-3 + 0 + 0. Let l = b + d. What is the units digit of l?
8
Let d(w) be the second derivative of -1/4*w**4 + 3*w - 1/20*w**5 - 3/2*w**2 + 0 - 1/3*w**3. What is the units digit of d(-3)?
3
Let d(i) = 3*i + 105. What is the tens digit of d(0)?
0
Suppose -h = 3*x - 47, 0*h + 4*x - 164 = -4*h. What is the tens digit of h?
3
Let q be (-966)/(-35) - (-4)/10. Suppose 0 = 4*y + 5*v - q, -2*v + 6 = -y - 0*v. What is the units digit of y?
2
Let r = -19 - -78. Suppose -4*j = 5*i - r, -3*j - i = 3*i - 45. What is the tens digit of j?
1
Suppose 4*s - 112 = -s + 2*v, 2*v = -5*s + 128. What is the tens digit of s?
2
Suppose -5*o = -10*o. Suppose 4*a - 12 = o, u + a - 27 = -3*a. What is the tens digit of u?
1
Let d = 9 + 57. What is the units digit of d?
6
Let p be (-2)/(-5) + (-118)/(-5). Suppose r - p = -3*a - r, 0 = -3*a - r + 24. What is the units digit of a?
8
Suppose -3*d + 2*r + 2*r = 2, 5*d - 4*r + 14 = 0. Let g = -3 + d. Let l(j) = j**2 + 9*j + 13. What is the tens digit of l(g)?
1
Suppose 0*o - 11 = -o + 2*s, 5*o - 31 = 4*s. Suppose 8*g - 1 = -4*i + o*g, 2*i + 3 = g. Let p = 5 + i. What is the units digit of p?
4
Let m(f) = 2*f**2 + 5*f - 3. Let n(q) = q**3 - 9*q**2 + 9*q - 6. Let h be n(8). Let p be (h/(-3))/(3/18). What is the units digit of m(p)?
9
Suppose k + 30 = 97. Suppose 0 = 3*s - k + 19. What is the tens digit of s?
1
Suppose -c - 11 = -4*r, 4*r + 2*c - c = 5. What is the units digit of r?
2
Let r(y) = 4*y + 4 + 6 - 2*y. What is the tens digit of r(8)?
2
Let c(u) = 156*u - 5*u**2 + 1 + 2 + u**3 - 156*u. Suppose 3*a + 2*a = 25. What is the units digit of c(a)?
3
Let w(d) = -7*d**3 - 10*d**2 + 7*d + 14. Let c(m) = 4*m**3 + 5*m**2 - 3*m - 7. Let l(i) = 5*c(i) + 3*w(i). What is the units digit of l(-6)?
7
Suppose -3*a + 5*u - 242 = -863, 4*a - 2*u - 842 = 0. What is the tens digit of a?
1
Let h(n) = -2*n + 39. What is the units digit of h(18)?
3
Suppose 28*i + 148 = 30*i. What is the tens digit of i?
7
Let u be 2 + -15 + 3/(